j - x + p, j + 2*x - 4*x - 45 = 0. What are the prime factors of j?
37
Let i be -10*(-2)/(-6)*(-15)/10. Suppose 241 + 174 = i*r. List the prime factors of r.
83
Let f(o) = -o**3 + 27*o**2 - 40*o + 9. List the prime factors of f(14).
1997
Let w(t) = -10*t + 6. Let m = -37 - -35. What are the prime factors of w(m)?
2, 13
Let u(j) = 2269*j + 73. List the prime factors of u(1).
2, 1171
Suppose -4*j - 17 = -2*s - 1, -3*s = -j - 9. Suppose 3 = -h + s*n + 8, 2*h = -2*n + 16. Let f(r) = 9*r. What are the prime factors of f(h)?
3, 7
Let a = 1997 + 195. What are the prime factors of a?
2, 137
Let f = -12 - 22. Let h = f - -62. List the prime factors of h.
2, 7
Suppose 0 = 2*l - 5*h - 3 - 7, -2 = -l + h. Suppose l = -5*v + 636 - 156. Suppose 0 = -2*g + 8 + v. What are the prime factors of g?
2, 13
Let y be ((-2)/(-6))/((-4)/(-1548)). Let g = y + -74. List the prime factors of g.
5, 11
Let j = 2 + -8. Let x = j - -11. Suppose -x*h + o + 0*o + 257 = 0, -2*h - 3*o + 96 = 0. List the prime factors of h.
3, 17
Let k = -30 - -30. Suppose -r + 5*r = k. Suppose -o = 5*g - 46, 0 = -r*o + o + g - 34. List the prime factors of o.
31
Suppose 5*u - 76 - 188 = -2*d, 0 = 3*u. Let q = d + -94. Suppose -x + n = -q, 2*x - 2 = -n + 86. List the prime factors of x.
2, 3, 7
Let a(j) = 2*j - 6. Let d(r) = -r. Let p be d(-5). Suppose -19 = -2*t - p. What are the prime factors of a(t)?
2
Suppose 18*z - 48 = 6. Suppose -250 = -5*h - 0*h. Suppose 3*u + 0*u + 4*s - 124 = 0, u - h = z*s. What are the prime factors of u?
2, 11
Suppose -5*k - 4*z - z + 3220 = 0, 3*k - 5*z - 1932 = 0. List the prime factors of k.
2, 7, 23
Let d(y) = y**3 + 8*y**2 + 6*y + 1. Suppose 0 = 2*o + 15 - 3. What are the prime factors of d(o)?
37
Let d = 3 + -3. Suppose 2*f + 2*f = d. Let o = 13 - f. What are the prime factors of o?
13
Suppose x + 5*f = 744 + 3357, -4*x - f = -16442. What are the prime factors of x?
4111
Suppose -14379 = -49*t - 1835. List the prime factors of t.
2
Suppose -5*c + 10 = 0, 0*i - 5*i + 4*c + 282 = 0. Suppose 14 = -5*x + b - 60, -3*b = 5*x + i. Let d = x + 32. What are the prime factors of d?
2, 3
Suppose 2*o = -5*h + 162, -o = 4*h - 10 - 119. List the prime factors of ((-87)/(-4))/(24/h).
29
Let y(c) be the second derivative of -c**5/20 + 5*c**4/12 + 5*c**3/6 + 3*c**2/2 + 42*c. What are the prime factors of y(-4)?
127
Let o = -57 + 153. Suppose 8*i = 11*i - o. Suppose i = a - 11. List the prime factors of a.
43
Let p be (-3)/(-9)*27/3. Let k = p - -1. Let s = 10 + k. What are the prime factors of s?
2, 7
What are the prime factors of (-1)/((-1)/2040) + (-8)/4?
2, 1019
Suppose -t - 336 = 5*t. Let d = t - -85. What are the prime factors of d?
29
Let z(a) be the first derivative of 2*a**3 - 7*a**2/2 + 7*a + 20. List the prime factors of z(4).
3, 5
Let m = -324 - -641. What are the prime factors of m?
317
Suppose 5*y - 4*u - 6 = 0, -y - 2*y = 2*u - 8. Let n(q) = -q**2 + 22*q - 6. Let a be n(17). Suppose 25 = y*t - a. List the prime factors of t.
2, 13
Suppose -5*k + 516 + 569 = 0. Suppose -3*x + k = -4*n - n, -3*n + 91 = x. List the prime factors of x.
79
Suppose -7739 - 23917 = -8*c. What are the prime factors of c?
3, 1319
Let a be (-1 - (-6)/2) + 1. Suppose 2*w - 94 = 2*r - a*r, -w = -3. What are the prime factors of r?
2, 11
Suppose 31 = 4*n + 3*a - 8*a, 10 = n - 2*a. Suppose 3*q - n*q = -30. List the prime factors of q - (-16)/((-4)/1).
2, 13
Let r be 2/1*-1 - -5. Suppose -r*w - o = -0*o - 126, w = -3*o + 50. List the prime factors of w.
41
List the prime factors of (15/4)/((-37)/(-444)).
3, 5
Suppose y = 5*n + 25, -3*n = -5*y - 0*y + 37. Let k(i) = 3*i**2 + 24. What are the prime factors of k(y)?
3, 11
Let w(k) = k**3 + 20*k**2 + 18*k + 81. What are the prime factors of w(-14)?
3, 5, 67
Let c = -293 - -38. What are the prime factors of c/(-68)*8/1?
2, 3, 5
Let o(h) = 3*h - 34. Let f be o(12). Suppose 67 = f*l + t, -8*l + 166 = -3*l + t. List the prime factors of l.
3, 11
Suppose -4*l = -0*l - 5*p - 6611, -4*l + 6631 = -p. What are the prime factors of l?
3, 7, 79
Suppose 95*i - 82*i = 7449. What are the prime factors of i?
3, 191
Let s(b) be the first derivative of 9*b**4/4 + 2*b**3/3 - b**2 + b - 3. Suppose -3*z - 13 = 2*t - 0*z, 2*z + 10 = 0. What are the prime factors of s(t)?
2, 5
Suppose 36*h = 29*h + 8848. What are the prime factors of h?
2, 79
Suppose 5*n + 2432 = 3*g, -5*n = 5*g - 2873 - 1127. List the prime factors of g.
2, 3, 67
Let b = 331 + -195. Suppose -b = -3*c + 20. List the prime factors of c.
2, 13
Let d(h) = -h**3 + 21*h**2 + 30*h - 31. List the prime factors of d(21).
599
Let w be 2*104 + (-5 - -4). Let o = w + -107. Suppose -u + 237 = 5*t, -2*t + o = -0*t + 3*u. List the prime factors of t.
47
Let z(u) = -u**2 - 9*u + 8. Suppose 5*m - 2*o + 46 = -0*o, -2*o = 4. Let j be z(m). What are the prime factors of (74/10)/(j/(-10))?
37
Let i(c) = -c. Let r(m) = 2*m + 9. Let q(u) = 5*i(u) + r(u). List the prime factors of q(-4).
3, 7
Let f = 479 + -112. List the prime factors of f.
367
Let i = 44 + -115. Let x = -22 - i. List the prime factors of x.
7
Suppose 0 = -4*m + 1518 + 338. Suppose -m = -7*h - h. What are the prime factors of h?
2, 29
What are the prime factors of 1 + ((-2)/(-3) - 3364/(-12))?
2, 3, 47
Let d(o) = 1 + 0 + 3 - 3*o + 2*o. Let i be d(-4). Suppose -i - 32 = -x. What are the prime factors of x?
2, 5
Suppose 0 = v - 25 + 5. Let i(x) = 84*x**2 - v*x**2 - 3*x - 2 - 6 + 5. What are the prime factors of i(-1)?
2
Let d(o) = -5*o + 80. Let c(y) = -y**3 + 23*y**2 + 23*y + 24. Let g be c(24). What are the prime factors of d(g)?
2, 5
Let m(z) = 2*z**3 + 13*z**2 + 6*z - 3. Let r be m(-6). Let d(f) = f**3 + 6*f**2 - 4. List the prime factors of d(r).
23
Suppose 0 = y + 3, 4*i = 2*y + 38 + 116. Let p = -21 + i. List the prime factors of p.
2
Let u = 34 - 41. Let b(p) = -2*p - 12. List the prime factors of b(u).
2
Suppose -5*c = 309 + 86. Suppose 2*s + 78 + 4 = 0. Let d = s - c. What are the prime factors of d?
2, 19
Let c(v) = v**2 + v - 4. Let l be c(-4). Suppose 3*j = 2*f - 28, 0 = 2*f - 3*f + 3*j + l. Suppose 3*w = -w + f. What are the prime factors of w?
5
Let v = -3205 - -2005. Let o be ((-2)/(-2))/((-10)/v). Suppose 0 = 4*k - k - o. List the prime factors of k.
2, 5
Suppose 9*j - 5246 = 9469. List the prime factors of j.
3, 5, 109
Let b = 14 - 12. Let m be b/(((-7)/2)/(-7)). Suppose 0 = -5*q - 2*s - s + 87, 2*q = -m*s + 32. List the prime factors of q.
2, 3
Let c(s) = 2*s + 122. Let d be c(0). Let q = -73 + d. What are the prime factors of q?
7
Let i(r) = 5*r + 9 + 4 - 4*r + 0. Let u be i(-9). Suppose x + 4*h = 10, x - 3*x - 4 = -u*h. What are the prime factors of x?
2
Suppose 22*z + 122 - 518 = 0. What are the prime factors of z?
2, 3
Suppose -2*o + 40 = -6*o. Let q = 17 + o. Let a(k) = -k**2 + 9*k + 8. List the prime factors of a(q).
2, 11
Let w = 150 + -217. Let p = 120 - w. List the prime factors of p.
11, 17
Let v(l) = 17*l**2 + 2*l - 3. Let a be v(1). Let c = 2 + 2. Let o = a - c. List the prime factors of o.
2, 3
Let f = -6 + 1. Let n = 8 + f. Suppose 0 = -n*g - 22 + 58. What are the prime factors of g?
2, 3
Let c(j) = 14*j + 6. Let d = -7 + 10. Let x be c(d). Suppose -11*k = -8*k - x. List the prime factors of k.
2
Let j(v) = -v**2 - 8*v + 8. Let o be 3/(-2)*80/15. Let i be j(o). Let s(t) = -t**3 + 7*t**2 + 13*t - 9. List the prime factors of s(i).
31
Suppose -o + 3*o + 62 = 0. Let m = -29 - o. Suppose m*z - 22 = -6. What are the prime factors of z?
2
List the prime factors of (-123 + 28)/((-1)/8).
2, 5, 19
Let i be ((-18)/12)/((-3)/392). Suppose -16 = -4*t, -4*t = 2*d - i + 30. List the prime factors of d.
3, 5
Suppose u + 108 = 5*u. Suppose 49 = 2*n + c, 5*n + 4*c = 94 + u. What are the prime factors of n*3*(-1)/(-5)?
3, 5
Let j be ((-6)/(-10))/((-4)/(-20)). Let k be 9/j - (-11 + 1). Suppose -4*i + 51 + k = 0. List the prime factors of i.
2
Suppose -2*o = -3*n - 33, -5*n + 3 = 5*o + 58. Let f = 15 + n. Suppose -f*w + 0*w = -264. List the prime factors of w.
2, 3, 11
Let m(j) = 20*j**2 - 11*j + 38. What are the prime factors of m(6)?
2, 173
Let i = -1293 + 2988. What are the prime factors of i?
3, 5, 113
Suppose 7*g - 315 = 8*g. Let a = -159 - g. What are the prime factors of a?
2, 3, 13
Suppose 3*d - 2*b + 5 - 12 = 0, 0 = -3*d - b + 10. Sup